3*x**2 - 2*x + 1. Let f be 1 + 0*(-3)/12. Let c be g(f). Let h = c - -33. What is the tens digit of h?
1
Suppose -2*q - 2 = -q. Let c be (-222)/18 - q/(-3). What is the tens digit of 2 - 3 - (c - 0)?
1
Let x(i) = -i**3 + 11*i**2 - i + 13. Let t be x(11). Suppose 5*m + 140 = 4*w, w - 3*w + 70 = t*m. What is the units digit of w?
5
Let i(u) = -2*u**3 - 5*u**2 - 13*u - 2. What is the units digit of i(-2)?
0
Let c(k) = -15*k - 1. Let y be c(3). Let a = 94 + y. Suppose -2*r + 3*m + 28 = -m, 3*r - 3*m - a = 0. What is the tens digit of r?
1
Suppose -10647 = 189*b - 202*b. What is the hundreds digit of b?
8
Suppose 56*j - 460 = 54*j. Suppose -j = -4*x - x. What is the units digit of x?
6
Suppose -z + 2*h + 489 = 0, -3*z + 385 + 1068 = h. What is the units digit of z?
5
Let g = -21 + 21. Suppose g = -5*a + 427 + 233. What is the units digit of a?
2
Let m(i) = -79*i + 11. Let h(k) = k - 18. Let g be h(15). What is the hundreds digit of m(g)?
2
Let w(a) = -229*a + 68. What is the thousands digit of w(-7)?
1
Let m be 6 + -4 + -6 - -30. Let y = 35 - m. Suppose -y*l = -3*l - 504. What is the units digit of l?
4
Let g(y) = 27*y**2 + 2*y + 1. What is the units digit of g(4)?
1
Suppose 9*y = 12295 + 10106. What is the tens digit of y?
8
Suppose 0 = 4*p + 5*z - 1740, 3*z = z. What is the hundreds digit of p?
4
Suppose -2*k = -4*r - 6, 2*k - 7*k = 2*r - 15. Let a(x) = 2*x**3 - 3*x**2 - x - 3. What is the units digit of a(k)?
1
Let r = -423 - -727. What is the hundreds digit of r?
3
Let k = 10 - 20. What is the tens digit of ((-84)/k)/(9/30)?
2
Let r(k) = k**3 - 6*k**2 - 10*k - 2. Suppose 6*w + 0*w - 48 = 0. What is the tens digit of r(w)?
4
Let q = 16 + -7. Let z(j) = 4*j**2 - 18*j + 7. What is the hundreds digit of z(q)?
1
Suppose 0 = 55*z - 59*z + 2840. What is the tens digit of z?
1
Let f be (-6)/(-9)*(1 - -5). Suppose -5 = f*a - 141. What is the units digit of a?
4
Let l(m) be the first derivative of -2*m - 2 - 3/2*m**2. What is the tens digit of l(-10)?
2
Suppose -5*a = w - 275, -a - 55 = -2*a + 5*w. Suppose -5*l + a = -5. What is the tens digit of 163/6 + (-2)/l?
2
Suppose 3*v - 8 = v. Let l be 2/(-1 - 11/(-13)). What is the tens digit of (2 - (v + 0))*l?
2
Let i(d) = -2*d - 4. Let v(a) = 1. Let x(p) = -i(p) + 6*v(p). Let l(c) = c + 3. Let k be l(4). What is the tens digit of x(k)?
2
Let z(s) = 3*s - 56. Let o(i) = 2*i + 1. Let a(b) = 4*o(b) - z(b). What is the hundreds digit of a(33)?
2
Let q(l) = 28*l + 2. Let w(g) = 84*g + 7. Let m(f) = 11*q(f) - 4*w(f). What is the tens digit of m(-2)?
5
Let g = 1 - -2. Suppose -g*t - 2 = -8. Suppose -2*m + 132 = t*m. What is the units digit of m?
3
Let p = 493 + -59. What is the tens digit of p?
3
Let l = -1238 - -3082. What is the units digit of l?
4
Suppose -17*w + 12*w = 2*i - 1899, -4*w = -4*i - 1508. What is the tens digit of w?
7
Let a(x) = -23*x - 1. Suppose 0 = 5*b - 4*b - 5*y - 5, b = -4*y - 22. What is the tens digit of a(b)?
2
Let w(b) = -4*b - 35. Let m be w(-11). What is the units digit of m/15 - ((-2164)/10 + -2)?
9
What is the units digit of ((-1)/(2/8))/((-72)/89280)?
0
Let p be 4/12*(365 + 4/(-2)). Let a = p + -23. What is the tens digit of a?
9
Let y be (3 - 4) + (-8)/2. Let o(d) = 8*d**2 + 3*d - 5. Let r be o(y). Suppose -r = -2*m - 3*m. What is the units digit of m?
6
Let j = 128 + 343. What is the tens digit of j?
7
Let g(n) = -115*n + 318. What is the hundreds digit of g(-9)?
3
Suppose 0*u + 5852 = 22*u. What is the tens digit of u?
6
What is the thousands digit of ((-1217)/2)/((-38)/76)?
1
Let j(i) = 378*i - 74. What is the thousands digit of j(3)?
1
Let z(a) = 86*a**2 - 1. Let p = -35 + 36. What is the units digit of z(p)?
5
Let o(c) = -c + 0*c + 0*c + 2*c. Let b be o(-8). Let u = 32 + b. What is the units digit of u?
4
Suppose -2*a = 4*c - 1154, 8*c = 6*c - 4. What is the tens digit of a?
8
Let i = -44 + 99. What is the tens digit of i?
5
Let a(u) = 8*u - 2. Let i be a(-6). Let m = i + 120. What is the units digit of m?
0
Let x(z) = 347*z**2 - 23*z - 14. What is the units digit of x(-3)?
8
Let l(v) = v**2 - v - 28. Let o be l(0). Let d = -17 - o. Let z = 26 - d. What is the tens digit of z?
1
Let w = 92 + -66. Suppose -134 = -4*n - w. What is the units digit of n?
7
Suppose n + 17 = -5*r, 0 = -2*n - 2*r - 2*r - 58. Suppose -4*i + 112 = 10*l - 9*l, l = 2*i + 88. Let u = l + n. What is the tens digit of u?
5
Suppose 5082 = 5*x - 1303. What is the thousands digit of x?
1
Suppose 3*x - 220 = -2*y, 2*y - 2 = 2. Suppose -4 = -5*s + 6. Suppose -s*f + 0*f - 5*d = -147, f + 4*d = x. What is the units digit of f?
6
Let i = 4720 + -2794. What is the tens digit of i?
2
Let v(b) = -b**3 - 3*b**2 - 3*b - 6. Suppose 0 = 3*k - 0*k + 9. Let r be v(k). Suppose -r*t - 3*x + 42 = 0, 0 = -4*t + x + 26 + 15. What is the tens digit of t?
1
What is the tens digit of (-2 + 94/1)*(-286)/(-44)?
9
Let k(b) = -b + 73. What is the tens digit of k(-5)?
7
Let u(i) be the first derivative of -i**4/4 - i**3 - i**2 + 8*i + 14. What is the units digit of u(-6)?
8
Suppose 9*o - 12*o = -2244. What is the units digit of (-4)/10 + -2 + o/20?
5
Let y = -4065 + 9227. What is the units digit of y?
2
Suppose 4*t - 4 - 4 = 0. Suppose -206 = -3*g + q, 4*g - 3*q - t*q - 271 = 0. What is the units digit of g?
9
Suppose -w + 0*i - i = -72, 4*w + i - 285 = 0. What is the units digit of w?
1
Let z be 12/5 + 8/(-20). Suppose 4*d + z = 10. Suppose 4*n + 5*x = 116, 116 = d*n + 2*n - 3*x. What is the tens digit of n?
2
Let g(c) = -12*c**3 - c - 1. Let p = -21 + 20. What is the units digit of g(p)?
2
Suppose 4*d - 229 = n, -n + 5*n - 2*d + 860 = 0. Let z = -143 - n. What is the tens digit of z?
7
Let a(o) = o**2 + 4*o - 18. Let g be a(-8). Let x(p) = -p**3 - 6*p + 8*p + 12*p + 10 - g*p**2. What is the tens digit of x(-15)?
2
Let y be (8/(-2) + -3)*3. Let p = 44 + y. What is the units digit of p?
3
Suppose 0 = 2*s - 4 + 4. Let k = 2 - 2. What is the units digit of s - -2 - k - -2?
4
Suppose 3*a - 87 = 2*a - 4*n, 293 = 3*a - 4*n. Let s = a - -9. Suppose 3*m - s = -m. What is the units digit of m?
6
Let g(a) = 3*a**2 + 2*a + 18. What is the units digit of g(-9)?
3
Let q = -11 + 13. Suppose -5*v + 73 = i + q*i, -42 = -2*i - 2*v. What is the tens digit of i?
1
Suppose o + 4 = 2*o. Suppose -32 = -o*i + 4. Let w(y) = y**2 - 8*y + 6. What is the units digit of w(i)?
5
Let o(t) = -7 - 5*t + 8*t - t**2 + 5. Let v be o(2). Suppose -3*i = -6, v*l + 3*i - 10 = -4*l. What is the units digit of l?
1
Let j(o) = -3*o**3 - 11*o**2 - 9*o - 6. Let d(a) = 3*a**3 + 11*a**2 + 8*a + 5. Let l(y) = -3*d(y) - 2*j(y). What is the hundreds digit of l(-5)?
1
Let q(x) = -x**2 - 15*x + 16. Let w be q(-10). Let j be (-3)/1*2/(-2). Suppose -h = -j*h + w. What is the tens digit of h?
3
Suppose -1635 = -7*c + 1662. What is the hundreds digit of c?
4
What is the thousands digit of (-45)/18 - (5442/(-4) - -3)?
1
Let g = 11363 + -6016. What is the thousands digit of g?
5
Let v be ((-8)/(-6))/(1/3). Suppose 113 = v*z + 25. Suppose 0 = -o - 5*t - 2, -z - 70 = -4*o + 5*t. What is the units digit of o?
8
Suppose 0 = -4*y + 5*b + 1780, 2225 = 4*y + y + 5*b. Suppose y = 3*m + 82. What is the tens digit of m?
2
Let f be (3 + 1 + -3)*(-4 - -3). What is the tens digit of (0 - f)*(99 + 0 + 3)?
0
Suppose 4*x - 2*u - 12 = 24, -10 = 5*u. Suppose -4*i - 4 = 4*t - 3*t, x = -4*i. What is the tens digit of t/14 - 360/(-14)?
2
Suppose 17 = 4*t - 7. Let g = t - 4. Let f = 6 + g. What is the units digit of f?
8
Let m(t) = -t**2 - 20*t + 60. What is the tens digit of m(-22)?
1
Suppose -d + 3 = 0, 4*m - 165 = m + 5*d. Let l = m - 38. What is the tens digit of l?
2
Suppose 2*d = z + 6447, 11*z - 8*z = 15. What is the hundreds digit of d?
2
Let a(f) = 2*f**2 + f - 5. Let b be a(5). Suppose -b = r - 3*r. Suppose -2*c = 3*i - 44, -3*i = 5*c - 4 - r. What is the tens digit of i?
1
Let b(r) be the first derivative of -r**6/360 + 13*r**5/120 - r**4/24 - 7*r**3/3 + 5. Let f(j) be the third derivative of b(j). What is the tens digit of f(11)?
2
Let t(b) be the second derivative of b**5/20 - 25*b**4/12 - 25*b**3/6 - b**2 + 27*b. What is the units digit of t(26)?
4
Let y be 1/3 + 0 - (-8041)/33. Suppose 0 = -3*x - x + y. What is the units digit of x?
1
Let a = 82 - 1. Suppose 2*f = -23 + a. What is the tens digit